{"id":470,"date":"2023-05-03T15:40:57","date_gmt":"2023-05-03T13:40:57","guid":{"rendered":"http:\/\/savemyteam.fr\/?page_id=470"},"modified":"2023-05-03T21:47:42","modified_gmt":"2023-05-03T19:47:42","slug":"secourisme","status":"publish","type":"page","link":"https:\/\/savemyteam.fr\/index.php\/secourisme\/","title":{"rendered":"Secourisme"},"content":{"rendered":"<div data-colibri-id=\"470-c1\" class=\"style-428 style-local-470-c1 position-relative\">\n  <!---->\n  <div data-colibri-component=\"section\" data-colibri-id=\"470-c2\" id=\"about\" class=\"h-section h-section-global-spacing d-flex align-items-lg-center align-items-md-center align-items-center style-429 style-local-470-c2 position-relative\">\n    <!---->\n    <!---->\n    <div class=\"h-section-grid-container h-section-boxed-container\">\n      <div data-colibri-id=\"470-c7\" class=\"h-row-container gutters-row-lg-2 gutters-row-md-2 gutters-row-2 gutters-row-v-lg-2 gutters-row-v-md-2 gutters-row-v-2 style-434 style-local-470-c7 position-relative\">\n        <!---->\n        <div class=\"h-row justify-content-lg-center justify-content-md-center justify-content-center align-items-lg-stretch align-items-md-stretch align-items-stretch gutters-col-lg-2 gutters-col-md-2 gutters-col-2 gutters-col-v-lg-2 gutters-col-v-md-2 gutters-col-v-2\">\n          <!---->\n          <div class=\"h-column h-column-container d-flex h-col-lg-auto h-col-md-auto h-col-auto style-435-outer style-local-470-c8-outer\">\n            <div data-colibri-id=\"470-c8\" class=\"d-flex h-flex-basis h-column__inner h-px-lg-2 h-px-md-2 h-px-2 v-inner-lg-2 v-inner-md-2 v-inner-2 style-435 style-local-470-c8 position-relative\">\n              <!---->\n              <!---->\n              <div class=\"w-100 h-y-container h-column__content h-column__v-align flex-basis-100 align-self-lg-start align-self-md-start align-self-start\">\n                <!---->\n                <div data-colibri-id=\"470-c9\" class=\"h-global-transition-all h-heading style-436 style-local-470-c9 position-relative h-element\">\n                  <!---->\n                  <div class=\"h-heading__outer style-436 style-local-470-c9\">\n                    <!---->\n                    <!---->\n                    <h5 class=\"\">SCENARIO SECOURISME<\/h5>\n                  <\/div>\n                <\/div>\n                <div data-colibri-id=\"470-c10\" class=\"h-global-transition-all h-heading style-437 style-local-470-c10 position-relative h-element\">\n                  <!---->\n                  <div class=\"h-heading__outer style-437 style-local-470-c10\">\n                    <!---->\n                    <!---->\n                    <h3 class=\"\">Apprenez les&nbsp;<em style=\"color: rgb(3, 169, 244); font-family: &quot;Playfair Display&quot;;\">gestes qui sauvent<\/em> et devenez&nbsp;<em style=\"color: rgb(3, 169, 244); font-family: &quot;Playfair Display&quot;;\">secouristes<\/em>&nbsp;de\n                      l&#8217;extr\u00eame<\/h3>\n                  <\/div>\n                <\/div>\n                <div data-colibri-id=\"470-c11\" class=\"h-lead h-text h-text-component style-438 style-local-470-c11 position-relative h-element\">\n                  <!---->\n                  <!---->\n                  <div class=\"\">\n                    <p><span style=\"font-weight: 400; font-size: 16px; font-family: S\u00f6hne, ui-sans-serif, system-ui, -apple-system, &quot;Segoe UI&quot;, Roboto, Ubuntu, Cantarell, &quot;Noto Sans&quot;, sans-serif, &quot;Helvetica Neue&quot;, Arial, &quot;Apple Color Emoji&quot;, &quot;Segoe UI Emoji&quot;, &quot;Segoe UI Symbol&quot;, &quot;Noto Color Emoji&quot;; color: rgb(55, 65, 81);\">Notre sc\u00e9nario le plus connu et le plus appr\u00e9ci\u00e9. Souvent imit\u00e9, encore in\u00e9gal\u00e9. <br><br>Vous y apprendre notamment \u00e0 identifier et \u00e0 traiter les d\u00e9tresses les plus courantes (malaise, br\u00fblures, h\u00e9morragies, traumatismes, obstruction des voies a\u00e9riennes, arret cardiaque&#8230;). Vous serez \u00e9galement form\u00e9 \u00e0 l&#8217;utilisation d&#8217;un d\u00e9fibrillateur automatique externe (DAE), ainsi qu&#8217;\u00e0 la gestion des situations d&#8217;urgence (incendies, explosions, attentats&#8230;). L&#8217;espace d&#8217;un instant, incarnez une \u00e9quipe de secouristes de choc, et faites face ensemble aux situations de la vie (personnelle et professionnelle). <br><br>Ce sc\u00e9nario de Team Building SAVE MY TEAM est enti\u00e8rement personnalisable selon les besoins et enjeux de votre \u00e9quipe.&nbsp;<\/span>\n                      <br>\n                      <br>\n                    <\/p>\n                  <\/div>\n                <\/div>\n                <div data-colibri-id=\"470-c12\" class=\"h-x-container style-439 style-local-470-c12 position-relative h-element\">\n                  <!---->\n                  <div class=\"h-x-container-inner style-dynamic-470-c12-group style-439-spacing style-local-470-c12-spacing\"><span class=\"h-button__outer style-440-outer style-local-470-c13-outer d-inline-flex h-element\"><a h-use-smooth-scroll=\"true\" href=\"http:\/\/savemyteam.fr\/index.php\/devis-same-my-team\/\" target=\"_blank\" data-colibri-id=\"470-c13\" class=\"d-flex w-100 align-items-center h-button justify-content-lg-center justify-content-md-center justify-content-center style-440 style-local-470-c13 position-relative\" rel=\"noopener\"><!----><!----> <span>Demander un devis<\/span><\/a>\n                    <\/span>\n                  <\/div>\n                <\/div>\n              <\/div>\n            <\/div>\n          <\/div>\n        <\/div>\n      <\/div>\n      <div data-colibri-id=\"470-c3\" class=\"h-row-container gutters-row-lg-0 gutters-row-md-0 gutters-row-0 gutters-row-v-lg-0 gutters-row-v-md-0 gutters-row-v-0 style-430 style-local-470-c3 h-overflow-hidden position-relative\">\n        <!---->\n        <div class=\"h-row justify-content-lg-center justify-content-md-center justify-content-center align-items-lg-end align-items-md-end align-items-end gutters-col-lg-0 gutters-col-md-0 gutters-col-0 gutters-col-v-lg-0 gutters-col-v-md-0 gutters-col-v-0\">\n          <!---->\n          <div class=\"h-column h-column-container d-flex h-col-lg-auto h-col-md-auto h-col-auto align-self-lg-end align-self-md-end align-self-end style-431-outer style-local-470-c4-outer\">\n            <div data-colibri-id=\"470-c4\" class=\"d-flex h-flex-basis h-column__inner h-ui-empty-state-container h-px-lg-0 h-px-md-0 h-px-0 v-inner-lg-0 v-inner-md-0 v-inner-0 style-431 style-local-470-c4 position-relative\">\n              <!---->\n              <!---->\n              <div class=\"w-100 h-y-container h-column__content h-column__v-align flex-basis-100\">\n                <!---->\n              <\/div>\n            <\/div>\n          <\/div>\n          <div class=\"h-column h-column-container d-flex h-col-lg-auto h-col-md-auto h-col-auto align-self-lg-end align-self-md-end align-self-end style-432-outer style-local-470-c5-outer\">\n            <div data-colibri-id=\"470-c5\" class=\"d-flex h-flex-basis h-column__inner h-ui-empty-state-container h-px-lg-0 h-px-md-0 h-px-0 v-inner-lg-0 v-inner-md-0 v-inner-0 style-432 style-local-470-c5 position-relative\">\n              <!---->\n              <!---->\n              <div class=\"w-100 h-y-container h-column__content h-column__v-align flex-basis-100\">\n                <!---->\n              <\/div>\n            <\/div>\n          <\/div>\n          <div class=\"h-column h-column-container d-flex h-col-lg-auto h-col-md-auto h-col-auto align-self-lg-end align-self-md-end align-self-end style-433-outer style-local-470-c6-outer\">\n            <div data-colibri-id=\"470-c6\" class=\"d-flex h-flex-basis h-column__inner h-ui-empty-state-container h-px-lg-0 h-px-md-0 h-px-0 v-inner-lg-0 v-inner-md-0 v-inner-0 style-433 style-local-470-c6 position-relative\">\n              <!---->\n              <!---->\n              <div class=\"w-100 h-y-container h-column__content h-column__v-align flex-basis-100\">\n                <!---->\n              <\/div>\n            <\/div>\n          <\/div>\n        <\/div>\n      <\/div>\n    <\/div>\n  <\/div>\n<\/div>","protected":false},"excerpt":{"rendered":"<p>SCENARIO SECOURISME Apprenez les&nbsp;gestes qui sauvent et devenez&nbsp;secouristes&nbsp;de l&#8217;extr\u00eame Notre sc\u00e9nario le plus connu et le plus appr\u00e9ci\u00e9. Souvent imit\u00e9, encore in\u00e9gal\u00e9. Vous y apprendre notamment \u00e0 identifier et \u00e0 traiter les d\u00e9tresses les plus courantes (malaise, br\u00fblures, h\u00e9morragies, traumatismes, obstruction des voies a\u00e9riennes, arret cardiaque&#8230;). Vous serez \u00e9galement form\u00e9 \u00e0 l&#8217;utilisation d&#8217;un d\u00e9fibrillateur automatique [&hellip;]<\/p>\n","protected":false},"author":1,"featured_media":0,"parent":0,"menu_order":0,"comment_status":"closed","ping_status":"closed","template":"page-templates\/full-width-page.php","meta":{"footnotes":""},"class_list":["post-470","page","type-page","status-publish","hentry"],"yoast_head":"<!-- This site is optimized with the Yoast SEO plugin v20.6 - https:\/\/yoast.com\/wordpress\/plugins\/seo\/ -->\n<title>Secourisme - SAVE MY TEAM<\/title>\n<meta name=\"robots\" content=\"index, follow, max-snippet:-1, max-image-preview:large, max-video-preview:-1\" \/>\n<link rel=\"canonical\" href=\"https:\/\/savemyteam.fr\/index.php\/secourisme\/\" \/>\n<meta property=\"og:locale\" content=\"en_US\" \/>\n<meta property=\"og:type\" content=\"article\" \/>\n<meta property=\"og:title\" content=\"Secourisme - SAVE MY TEAM\" \/>\n<meta property=\"og:description\" content=\"SCENARIO SECOURISME Apprenez les&nbsp;gestes qui sauvent et devenez&nbsp;secouristes&nbsp;de l&#8217;extr\u00eame Notre sc\u00e9nario le plus connu et le plus appr\u00e9ci\u00e9. Souvent imit\u00e9, encore in\u00e9gal\u00e9. Vous y apprendre notamment \u00e0 identifier et \u00e0 traiter les d\u00e9tresses les plus courantes (malaise, br\u00fblures, h\u00e9morragies, traumatismes, obstruction des voies a\u00e9riennes, arret cardiaque&#8230;). Vous serez \u00e9galement form\u00e9 \u00e0 l&#8217;utilisation d&#8217;un d\u00e9fibrillateur automatique [&hellip;]\" \/>\n<meta property=\"og:url\" content=\"https:\/\/savemyteam.fr\/index.php\/secourisme\/\" \/>\n<meta property=\"og:site_name\" content=\"SAVE MY TEAM\" \/>\n<meta property=\"article:modified_time\" content=\"2023-05-03T19:47:42+00:00\" \/>\n<meta name=\"twitter:card\" content=\"summary_large_image\" \/>\n<meta name=\"twitter:site\" content=\"@savemyteam_fr\" \/>\n<meta name=\"twitter:label1\" content=\"Est. reading time\" \/>\n\t<meta name=\"twitter:data1\" content=\"1 minute\" \/>\n<script type=\"application\/ld+json\" class=\"yoast-schema-graph\">{\"@context\":\"https:\/\/schema.org\",\"@graph\":[{\"@type\":\"WebPage\",\"@id\":\"https:\/\/savemyteam.fr\/index.php\/secourisme\/\",\"url\":\"https:\/\/savemyteam.fr\/index.php\/secourisme\/\",\"name\":\"Secourisme - SAVE MY TEAM\",\"isPartOf\":{\"@id\":\"https:\/\/savemyteam.fr\/#website\"},\"datePublished\":\"2023-05-03T13:40:57+00:00\",\"dateModified\":\"2023-05-03T19:47:42+00:00\",\"breadcrumb\":{\"@id\":\"https:\/\/savemyteam.fr\/index.php\/secourisme\/#breadcrumb\"},\"inLanguage\":\"en-US\",\"potentialAction\":[{\"@type\":\"ReadAction\",\"target\":[\"https:\/\/savemyteam.fr\/index.php\/secourisme\/\"]}]},{\"@type\":\"BreadcrumbList\",\"@id\":\"https:\/\/savemyteam.fr\/index.php\/secourisme\/#breadcrumb\",\"itemListElement\":[{\"@type\":\"ListItem\",\"position\":1,\"name\":\"Accueil\",\"item\":\"https:\/\/savemyteam.fr\/\"},{\"@type\":\"ListItem\",\"position\":2,\"name\":\"Secourisme\"}]},{\"@type\":\"WebSite\",\"@id\":\"https:\/\/savemyteam.fr\/#website\",\"url\":\"https:\/\/savemyteam.fr\/\",\"name\":\"SAVE MY TEAM\",\"description\":\"Team Builiding Secourisme et Survie\",\"publisher\":{\"@id\":\"https:\/\/savemyteam.fr\/#organization\"},\"potentialAction\":[{\"@type\":\"SearchAction\",\"target\":{\"@type\":\"EntryPoint\",\"urlTemplate\":\"https:\/\/savemyteam.fr\/?s={search_term_string}\"},\"query-input\":\"required name=search_term_string\"}],\"inLanguage\":\"en-US\"},{\"@type\":\"Organization\",\"@id\":\"https:\/\/savemyteam.fr\/#organization\",\"name\":\"SAVE MY TEAM\",\"url\":\"https:\/\/savemyteam.fr\/\",\"logo\":{\"@type\":\"ImageObject\",\"inLanguage\":\"en-US\",\"@id\":\"https:\/\/savemyteam.fr\/#\/schema\/logo\/image\/\",\"url\":\"https:\/\/savemyteam.fr\/wp-content\/uploads\/2023\/05\/cropped-grand-Logo-SMT-fond-transparent.png\",\"contentUrl\":\"https:\/\/savemyteam.fr\/wp-content\/uploads\/2023\/05\/cropped-grand-Logo-SMT-fond-transparent.png\",\"width\":1079,\"height\":361,\"caption\":\"SAVE MY TEAM\"},\"image\":{\"@id\":\"https:\/\/savemyteam.fr\/#\/schema\/logo\/image\/\"},\"sameAs\":[\"https:\/\/twitter.com\/savemyteam_fr\",\"https:\/\/www.linkedin.com\/company\/save-my-team\/\"]}]}<\/script>\n<!-- \/ Yoast SEO plugin. -->","yoast_head_json":{"title":"Secourisme - SAVE MY TEAM","robots":{"index":"index","follow":"follow","max-snippet":"max-snippet:-1","max-image-preview":"max-image-preview:large","max-video-preview":"max-video-preview:-1"},"canonical":"https:\/\/savemyteam.fr\/index.php\/secourisme\/","og_locale":"en_US","og_type":"article","og_title":"Secourisme - SAVE MY TEAM","og_description":"SCENARIO SECOURISME Apprenez les&nbsp;gestes qui sauvent et devenez&nbsp;secouristes&nbsp;de l&#8217;extr\u00eame Notre sc\u00e9nario le plus connu et le plus appr\u00e9ci\u00e9. Souvent imit\u00e9, encore in\u00e9gal\u00e9. Vous y apprendre notamment \u00e0 identifier et \u00e0 traiter les d\u00e9tresses les plus courantes (malaise, br\u00fblures, h\u00e9morragies, traumatismes, obstruction des voies a\u00e9riennes, arret cardiaque&#8230;). Vous serez \u00e9galement form\u00e9 \u00e0 l&#8217;utilisation d&#8217;un d\u00e9fibrillateur automatique [&hellip;]","og_url":"https:\/\/savemyteam.fr\/index.php\/secourisme\/","og_site_name":"SAVE MY TEAM","article_modified_time":"2023-05-03T19:47:42+00:00","twitter_card":"summary_large_image","twitter_site":"@savemyteam_fr","twitter_misc":{"Est. reading time":"1 minute"},"schema":{"@context":"https:\/\/schema.org","@graph":[{"@type":"WebPage","@id":"https:\/\/savemyteam.fr\/index.php\/secourisme\/","url":"https:\/\/savemyteam.fr\/index.php\/secourisme\/","name":"Secourisme - SAVE MY TEAM","isPartOf":{"@id":"https:\/\/savemyteam.fr\/#website"},"datePublished":"2023-05-03T13:40:57+00:00","dateModified":"2023-05-03T19:47:42+00:00","breadcrumb":{"@id":"https:\/\/savemyteam.fr\/index.php\/secourisme\/#breadcrumb"},"inLanguage":"en-US","potentialAction":[{"@type":"ReadAction","target":["https:\/\/savemyteam.fr\/index.php\/secourisme\/"]}]},{"@type":"BreadcrumbList","@id":"https:\/\/savemyteam.fr\/index.php\/secourisme\/#breadcrumb","itemListElement":[{"@type":"ListItem","position":1,"name":"Accueil","item":"https:\/\/savemyteam.fr\/"},{"@type":"ListItem","position":2,"name":"Secourisme"}]},{"@type":"WebSite","@id":"https:\/\/savemyteam.fr\/#website","url":"https:\/\/savemyteam.fr\/","name":"SAVE MY TEAM","description":"Team Builiding Secourisme et Survie","publisher":{"@id":"https:\/\/savemyteam.fr\/#organization"},"potentialAction":[{"@type":"SearchAction","target":{"@type":"EntryPoint","urlTemplate":"https:\/\/savemyteam.fr\/?s={search_term_string}"},"query-input":"required name=search_term_string"}],"inLanguage":"en-US"},{"@type":"Organization","@id":"https:\/\/savemyteam.fr\/#organization","name":"SAVE MY TEAM","url":"https:\/\/savemyteam.fr\/","logo":{"@type":"ImageObject","inLanguage":"en-US","@id":"https:\/\/savemyteam.fr\/#\/schema\/logo\/image\/","url":"https:\/\/savemyteam.fr\/wp-content\/uploads\/2023\/05\/cropped-grand-Logo-SMT-fond-transparent.png","contentUrl":"https:\/\/savemyteam.fr\/wp-content\/uploads\/2023\/05\/cropped-grand-Logo-SMT-fond-transparent.png","width":1079,"height":361,"caption":"SAVE MY TEAM"},"image":{"@id":"https:\/\/savemyteam.fr\/#\/schema\/logo\/image\/"},"sameAs":["https:\/\/twitter.com\/savemyteam_fr","https:\/\/www.linkedin.com\/company\/save-my-team\/"]}]}},"_links":{"self":[{"href":"https:\/\/savemyteam.fr\/index.php\/wp-json\/wp\/v2\/pages\/470","targetHints":{"allow":["GET"]}}],"collection":[{"href":"https:\/\/savemyteam.fr\/index.php\/wp-json\/wp\/v2\/pages"}],"about":[{"href":"https:\/\/savemyteam.fr\/index.php\/wp-json\/wp\/v2\/types\/page"}],"author":[{"embeddable":true,"href":"https:\/\/savemyteam.fr\/index.php\/wp-json\/wp\/v2\/users\/1"}],"replies":[{"embeddable":true,"href":"https:\/\/savemyteam.fr\/index.php\/wp-json\/wp\/v2\/comments?post=470"}],"version-history":[{"count":2,"href":"https:\/\/savemyteam.fr\/index.php\/wp-json\/wp\/v2\/pages\/470\/revisions"}],"predecessor-version":[{"id":626,"href":"https:\/\/savemyteam.fr\/index.php\/wp-json\/wp\/v2\/pages\/470\/revisions\/626"}],"wp:attachment":[{"href":"https:\/\/savemyteam.fr\/index.php\/wp-json\/wp\/v2\/media?parent=470"}],"curies":[{"name":"wp","href":"https:\/\/api.w.org\/{rel}","templated":true}]}}